1)?
6
Let p be (0 - -6)*(-24)/(-9). Suppose 0 = -k + 2*h + 19, 0 = k + 2*h - h - p. Calculate the remainder when 44 is divided by k.
10
Let u = 12 - 14. Let m = u - -2. Suppose 3*v = 54 - m. What is the remainder when 52 is divided by v?
16
Suppose -4*g + 35 = a, 45 - 19 = 4*g - 2*a. Calculate the remainder when g is divided by (-2 - -5) + 2 + 0.
3
Suppose -3*u - 117 = -393. Let w = 114 - u. Calculate the remainder when w is divided by 12.
10
Let q(m) = -m**3 - 8*m**2 - 15*m + 6. Let t be q(-8). Suppose -30 = 2*l - t. What is the remainder when l is divided by 7?
6
Suppose -117 = -6*k - 15. Calculate the remainder when ((-12)/(-2))/3 + k is divided by 5.
4
Suppose -185 = -8*t - 41. Calculate the remainder when 267 is divided by t.
15
Suppose -o - 14 = -2*v, -22 = -5*v + 3*v + 5*o. Suppose 47 = 3*q - 34. Calculate the remainder when q is divided by v.
3
Let w be (-1)/(36/8) + 176/(-18). Let n(a) = -a**2 - 11*a + 5. Calculate the remainder when 134 is divided by n(w).
14
What is the remainder when 366 is divided by (0 + -98)*(15 - 31)/16?
72
Suppose d + 1742 = 2*u, 2*u = -0*d + 4*d + 1742. Calculate the remainder when u is divided by 19.
16
Let k(v) = 136*v**2 + v. What is the remainder when k(1) is divided by (2 - 0)*(7 - -3)?
17
Suppose 9 + 76 = 5*m. Suppose 0 = -f + 3*x + 79, -4*f + 0*x = x - 264. Calculate the remainder when f is divided by m.
16
Let o = -163 + 212. Suppose 26 = -5*d - 4. Let b = d - -16. What is the remainder when o is divided by b?
9
Let m(y) = 15*y**2 + 9*y - 10. Let d be m(1). Calculate the remainder when 33 is divided by 4/14 - (4 - 290/d).
16
Suppose 0 = 5*h - 0*h - 105. Suppose 6*n = 3*n + h. Suppose -3*v = 3*m - 15, 6 = 4*v - 5*m - 14. Calculate the remainder when n is divided by v.
2
Let l be 14/(-8)*(0 + 4). Let c(a) = -a**3 - 3*a**2 + 8*a + 4. Let j be c(l). Let z = j - 99. Calculate the remainder when z is divided by 16.
13
Let o = 1 + 45. What is the remainder when 70 is divided by o?
24
Calculate the remainder when 483 is divided by (-97)/(-2)*(-2 + 4).
95
Let q(o) = 17*o**2 - o - 2. Calculate the remainder when 46 is divided by q(-1).
14
Suppose -2*b + 27 = 5*n, 2*n = b - 1 - 8. Let g(x) = 3*x**2 + 2*x + 1. What is the remainder when g(-4) is divided by b?
8
Suppose 2*m + 4 = 4*f - 0*m, f + 2 = 2*m. Calculate the remainder when 0 + (81 + -2 - f) is divided by (-4)/(-6) - 1160/(-60).
17
Let q(h) = 3*h**2 - 7*h. Suppose -7 - 173 = -6*r - 3*u, -3*r + 111 = -2*u. What is the remainder when q(7) is divided by r?
32
Suppose 668 - 596 = 12*r. Let x(c) = 2*c**2 - 2*c - 2. Calculate the remainder when x(5) is divided by r.
2
Suppose 32 = 5*p + h + h, 0 = -3*p - h + 20. Let v(t) = 2*t + 2. Calculate the remainder when 86 is divided by v(p).
14
Let q = 44 - 35. What is the remainder when 43 is divided by q?
7
Let z(d) = d**3 - 13*d**2 - 19*d + 10. Let b be z(14). Let q = 36 + b. Let m = -5 - q. Calculate the remainder when 56 is divided by m.
18
Let v = 235 + -115. Suppose 2*d = -0*d + v. What is the remainder when d is divided by 21?
18
Let o(u) = 6*u + 1. Calculate the remainder when o(4) is divided by (-1012)/(-99) - 6/27.
5
Suppose 19*z = 16*z + 15. Suppose -x + 0*x = -z. What is the remainder when 12 is divided by x?
2
Suppose 49 = 5*g + 29. What is the remainder when g is divided by (-6)/((0 - -2)/(-1))?
1
Let y = 127 + -125. Suppose -5*a = 2*q - 114, -3*q + y*a = -q - 114. What is the remainder when 113 is divided by q?
56
Suppose 512 = 8*h - 48. Calculate the remainder when h is divided by 23.
1
Let a(f) = f**3 + 8*f**2 - 9*f + 6. Suppose 2*v = 4*v + 6. Let t = -6 + v. Calculate the remainder when 19 is divided by a(t).
1
Let g(w) = 26*w**3 + w. Suppose 0 = -2*t + 2*p + 28, -5*t - 15*p = -13*p - 42. What is the remainder when g(1) is divided by t?
7
Let b = 20 - 13. Suppose c + 15 - 29 = 0. Suppose 0 = 13*v - c*v + 2. What is the remainder when b is divided by v?
1
Let f(d) = d**2 - 12*d - 25. Calculate the remainder when f(22) is divided by 37.
10
Let u = -81 + 89. Calculate the remainder when 36 is divided by -2*(-76)/u*1.
17
Let t = -12 + 12. Suppose t = -2*p - 2*p + 24. Calculate the remainder when 37 is divided by ((-3)/p)/(2/(-52)).
11
Let i = -370 + 399. Calculate the remainder when i is divided by 5.
4
Let y(i) = 2*i**3 - 55*i**2 - 24*i - 20. What is the remainder when 173 is divided by y(28)?
81
Suppose 0 = 38*g - 98 - 1194. Calculate the remainder when g is divided by 7.
6
Let v(b) be the third derivative of -b**4/12 + 4*b**3/3 + 5*b**2. Let h be v(-10). Calculate the remainder when (-16)/(-2)*h/8 is divided by 8.
4
Let a = 2 + 0. Suppose 9 = a*y - y. Calculate the remainder when y is divided by (2 - (-66)/(-24)) + (-45)/(-12).
0
Suppose -i + 4*q - 14 = 0, 2*q - 8 = 2*i - q. Let o(k) = 4 + 0*k**2 - 2*k**2 + 2 - 8*k + k**i. What is the remainder when o(-7) is divided by 5?
3
Suppose 3*s - 267 = -126. What is the remainder when 54 is divided by s?
7
Calculate the remainder when 6/(-30)*-5 - -95 is divided by 11.
8
What is the remainder when 6/30 - (-1609)/5 is divided by 13?
10
Suppose 28 = 9*u - 5*u. Let w = 13 + u. Calculate the remainder when (0 - -3) + w + -1 is divided by 8.
6
Let r be 10/(-50) - 11/(-5). Calculate the remainder when (-15)/r*160/(-48) is divided by 7.
4
What is the remainder when 344 is divided by -7*(40/168)/((-3)/90)?
44
Let h = -97 - -253. What is the remainder when h is divided by 15?
6
Let a(f) = f + 25. Let c be a(-10). Suppose c*i - 117 = 2*i. Calculate the remainder when 23 is divided by i.
5
Suppose -l = -7, -5*l - 131 = -0*t - t. What is the remainder when t is divided by (0 - -2)/((-1)/(-21))?
40
Suppose -4*b + 3*m - 486 = 0, 211 + 259 = -4*b - 5*m. What is the remainder when 0 + 3*b/(-5) is divided by 28?
16
Let u = 7 - 17. Let h = u + 24. Calculate the remainder when h is divided by 5.
4
Let i(m) = -m**2 - 3*m + 4. Let q be i(-3). Suppose -q*o = -97 - 43. What is the remainder when o is divided by ((-15)/10)/((-6)/28) + 2?
8
Let g(c) = -c**3 - 4*c**2 + 6*c - 4. Let v be g(-4). Let s = v - -57. What is the remainder when s is divided by 11?
7
Let r(d) = 7*d - 18. Let f be r(10). Suppose -4*m + 16 = -f. Calculate the remainder when 48 is divided by m.
14
Suppose -5*u = 2*u + 2996. Calculate the remainder when 66 is divided by u/(-12) - (-4)/(-6).
31
Let w = -648 - -751. What is the remainder when w is divided by 37?
29
Suppose 2*c - 25 = -3*r, 5 = 2*r - 0*r - c. Suppose -5*m = 25, r*m + 2 = o - 26. Calculate the remainder when o is divided by 1.
0
Let u(o) = -o**3 + 2*o**2 + 3. Let p(l) = l**2 - 8*l - 12. Let t be p(9). Let a be u(t). Suppose 92 = 5*y - a. What is the remainder when 81 is divided by y?
25
Suppose 5*h = 0, -3*h = -3*x - 4*h - 936. Calculate the remainder when 103 is divided by x/16*((-16)/6)/2.
25
Suppose -8 = -4*a + 2*z, 3*a + 3*z = 6 - 0. Suppose -f + 20 = v, -5*f + 5*v - a*v + 60 = 0. Calculate the remainder when 163 is divided by f.
13
Let v = -187 - -240. Calculate the remainder when v is divided by 18.
17
Let n = -23 + 32. What is the remainder when 19 is divided by n?
1
Let j(t) = -t + 6. Let n be j(3). Suppose 0 = -8*d + n*d + 350. Calculate the remainder when d is divided by 24.
22
Let r = 195 - 49. Suppose z = a - 34, -5*z + 58 + 68 = 3*a. Calculate the remainder when r is divided by a.
35
Suppose 2*g - 5*h - 5 = 15, 4 = -g - h. Suppose -i - 4*i - 20 = g. Calculate the remainder when 4 is divided by 44/33 - i/6.
0
Let w(o) = -68*o + 2121. Let j = 143 - 67. What is the remainder when j is divided by w(31)?
11
Suppose -13*f + 468 = -1586. What is the remainder when f is divided by 76?
6
Let i(x) = -22*x - 14. What is the remainder when 100 is divided by i(-3)?
48
Let y(c) = 6*c - 61. Calculate the remainder when 46 is divided by y(13).
12
Suppose -3*h = -2*h - 69. What is the remainder when h is divided by (40/(-12))/(7/(-21))?
9
Let p(q) = -46*q + 4. Suppose 0 = -5*z + 5, -4*i - 5*z + 19 = -22. What is the remainder when p(-1) is divided by i?
5
Suppose -3*h + 5*z + 1069 = 0, 0 = -3*h + 3*z + 480 + 579. Suppose -5*m + 92 = -h. What is the remainder when m is divided by 18?
16
Suppose 4956 = -7*c + 5432. Calculate the remainder when 259 is divided by c.
55
Let h(k) = 4*k**3 - 4*k**2 + 1. What is the remainder when 77 is divided by h(2)?
9
Let m